et y(i) = -i**2 + 8*i - 5. Let r be 4*(-3)/(-3) + 2. Suppose 2*k - r - 2 = -a, 3*k = -3*a + 12. Let h be a + (2 + 0 - -4). What is y(h)?
7
Let j(s) be the second derivative of s**3/3 - 11*s**2 + s. Let x be j(14). Let k(a) = -3*a + 1 - 2*a - x + 2. Calculate k(-4).
17
Let a(s) be the third derivative of -4*s**2 + 0*s**3 + 1/24*s**4 + 0*s + 0 + 0*s**5 + 1/15*s**6. Give a(1).
9
Suppose 2 + 30 = 4*z - q, 0 = -5*z + 4*q + 29. Let u(w) = -z*w**2 + 5*w**2 - 2 - w + 0*w**2 + 3*w**2. Suppose 2*a = 5*h + 4, -6 = -6*a + 3*a + 2*h. Give u(a).
-8
Let v(m) be the first derivative of 3*m - 1/4*m**4 - 3/2*m**2 - 5/3*m**3 + 8. Determine v(-3).
-6
Let w(g) = -2*g - 1. Let j be -1 + 0 + 0/(-3). Let o be ((-2 + -4)*j)/(-1). What is w(o)?
11
Let s(y) be the first derivative of y**3/3 + y**2/2 + 2*y + 147. Give s(5).
32
Let t(v) = 2*v + 2 + 3*v**2 - 2*v**2 + 2*v. Let x = 573 - 577. Determine t(x).
2
Let o(j) = 7 - 2*j - j**3 + 12*j**2 + j - 5*j**2. Let u(q) = 4*q**2 - 3*q. Let y be u(-1). Give o(y).
0
Let z(s) = s**2 + 7*s - s**3 + 3 + 2*s**2 - 7*s**2. Let x = 37 + -27. Suppose 3*u + 20 = -j, -5*u - x = -3*u. What is z(j)?
-7
Let z(u) be the second derivative of u**4/12 - u**3/6 + u**2/2 - u - 19. Calculate z(1).
1
Suppose 2*z - 7 = -5*a - 0*a, -3*a - 5*z - 11 = 0. Let p(q) = 0*q**2 + 3*q + 3 - a*q**2 + 2*q**2. What is p(-3)?
-15
Let n(u) = -2*u - 9. Let v be n(-6). Suppose -v*g + 38 = 4*r, g + 48 = 5*g + 4*r. Let h be (-2 - 0)*5/g. Let t(c) = -5*c**3 - c. What is t(h)?
6
Let r(o) be the third derivative of 0 - 1/24*o**4 + 2*o**2 + 0*o + 0*o**5 + 1/6*o**3 + 1/120*o**6. Let u = -26 + 27. Determine r(u).
1
Suppose 68 = 5*w + 98. Let g(c) = -c**3 - 6*c**2 - 4*c + 7. Determine g(w).
31
Suppose x + 37 = -4*y, -5*y + 2*y = 4*x + 18. Let z(n) = -n**3 - 10*n**2 + 4*n + 14. Determine z(y).
-26
Let n(c) = -7*c**3 + 4*c**2 + c - 18. Let o(h) = -98*h**3 + 74*h**3 + 53 + 44*h**3 - 3*h - 13*h**2. Let g(i) = 17*n(i) + 6*o(i). Determine g(10).
2
Let h(b) be the second derivative of b**5/20 + b**4/3 - b**3 + b**2/2 + b. Suppose 110 = -7*f - 15*f. Calculate h(f).
6
Let k(f) = -4*f - 4. Let c(y) = -y**3 - 7*y**2 - 6*y + 4. Let g be c(-6). Calculate k(g).
-20
Let w(n) = -n**2 - 10*n. Let a(u) = -7*u**2 - 7*u - 7. Let m(g) = 6*g**2 + 6*g + 6. Let b(o) = 5*a(o) + 6*m(o). Let t(v) = 2*b(v) + w(v). Determine t(7).
-5
Let l(p) = -4*p + 15. Let b(g) = 3*g - 15. Let m(c) = -2*b(c) - 3*l(c). Let r be m(3). Let s(o) = 3*o**2 - 3*o. Determine s(r).
18
Let b(f) = -f. Let j(s) = 2*s - 1. Let v be (-8)/(-44) - 210/(-55). Let h(d) = v*b(d) + 3*j(d). Let c = 8 + -2. Calculate h(c).
9
Let m = 21 + -15. Let y = m + -4. Let z(x) = 2*x**2 - 3*x + 2. Calculate z(y).
4
Suppose 5*a = -4*d + 225, a - 69 = 2*d + 2*d. Let h = -51 + a. Let v(s) = s**3 + 2*s**2 + s - 1. What is v(h)?
-3
Suppose 10*c - 478 = 202. Suppose 0 = -64*k + c*k - 16. Let l(u) = u**3 - 4*u**2 + 3*u - 4. What is l(k)?
8
Suppose 3*a - 24 = 4*z, 2*z + 2*z - 2*a = -24. Let j(x) be the third derivative of -x**6/120 - x**5/12 + 5*x**4/24 - x**3 + 6*x**2. Calculate j(z).
0
Let d(w) be the second derivative of -w**4/6 - w**3/6 - 2*w**2 - 118*w - 1. Determine d(-2).
-10
Let l be 5*(7 - (170/25 - -3)). Let v(q) = q**2 + 11*q - 17. What is v(l)?
25
Suppose -c = -2*r - 4, -3*c - 8 = -r + 5*r. Let f(z) = z**2 + c*z**2 + 3 + 8*z + 13*z - 18*z. Calculate f(-2).
1
Let j = -87 + 90. Let f = -14 - -16. Let u(o) = -3 - f*o + 0*o + 0. Give u(j).
-9
Let f(s) = 4*s. Let q be f(-1). Let z(t) = 3 - 5*t + 64*t**2 + 0 - 65*t**2. What is z(q)?
7
Let p(y) be the first derivative of -y**2/2 + 5*y - 27. Determine p(4).
1
Suppose -1 = -4*z + 7. Let m = z + -4. Let h(n) = 4 - 3*n - 6 + 3*n**2 - 8*n**2 + n**2. What is h(m)?
-12
Let c = 93 + -86. Let o(r) = r**3 - 8*r**2 + 7*r + 10. Determine o(c).
10
Let a(v) = -4*v - 17. Let z be a(-8). Let n be 7 + (3 - (2 + 3)). Let w(b) = -z + n + 2*b - b + 6. Calculate w(0).
-4
Let o(a) = 22*a**2 - 31*a + 31. Let g(u) = -5*u**2 + 8*u - 8. Let z(s) = -9*g(s) - 2*o(s). Determine z(10).
10
Let c(u) = 1 - 7*u**2 + 3 + 6*u**2 + 3*u. Let a(p) = -p**2 + 6*p. Let h be -3*14/(-6) + -2. Let l be a(h). Determine c(l).
-6
Let d(u) = 20 - 3*u + 59*u - 54*u. Determine d(-9).
2
Let o(p) = -16*p**2 + 27*p - 19. Let x(q) = -9*q**2 + 14*q - 10. Let d(u) = 4*o(u) - 7*x(u). What is d(8)?
10
Let j(w) = -w**2 - 9*w - 6. Let r be j(-8). Suppose -3*t - r = -5*l, 2*t + 0*t - 5*l = 2. Let m be (-6)/t - 6/12. Let y(a) = 5*a**2 + 2*a - 1. Calculate y(m).
6
Let v(x) = 3*x - 1. Let z(m) = m - 1. Let p(t) = t**3 + 2*t**2 - 8*t + 2. Let i be p(-4). Let c(n) = i*v(n) - 5*z(n). Give c(3).
6
Let n(r) = r**2 + 2*r - 2. Suppose 3*f = -42 - 24. Let v = -24 - f. Calculate n(v).
-2
Suppose 0 = -2*c - 5*y - 13, 8*y + 2 = 6*y. Let a(p) = p**2 + 4*p - 1. Give a(c).
-1
Let b(r) = r**2 + 10*r + 15. Let u = -92 - -86. What is b(u)?
-9
Suppose 5*j = 25, -4*j + 0*j - 19 = 3*r. Let c = r + 10. Let i(x) = x**2 - 7*x - 4. Let l(k) = 2*k**2 - 15*k - 9. Let u(f) = c*l(f) + 7*i(f). Calculate u(4).
-1
Let b(v) = -22*v - 19*v - 7 + 40*v. Let d(y) = 2*y**2 + 4*y + 1. Let m be d(-3). Give b(m).
-14
Let x(h) = 11*h**3 + 4*h**2 - 20*h + 20. Let c(g) = 0 - 61*g**3 - 3*g**2 + 2 + 13*g - 15 + 54*g**3. Let i(d) = -8*c(d) - 5*x(d). Calculate i(-5).
-1
Let c(v) = -v**3 - 8*v**2 - 6. Let g(f) = -2*f**3 - 8*f**2 - 7. Let o(i) = -3*c(i) + 2*g(i). Let x(t) = -t**2 - 1. Let z(h) = -o(h) - 2*x(h). What is z(6)?
-2
Let z(a) = -2*a**3 - 4*a**2 - 2*a + 3. Suppose 0 = -3*x - 24*y + 19*y + 14, 2*y = -4*x. Give z(x).
7
Let m(b) be the first derivative of -b**4/4 + b**3/3 - b**2/2 - 3*b + 12. Calculate m(3).
-24
Let x(j) = -5*j**2 - 3*j + 1. Suppose 0 = -64*y + 74*y - 20. Determine x(y).
-25
Let z(a) = a**2 + 4*a + a + 3*a + 0*a + 3. Determine z(-7).
-4
Suppose 2*r + r - 12 = 0. Let a be (2/r)/(12/(-24)). Let y be (-180)/(-27) + a/(-3). Let s(q) = q**3 - 6*q**2 - 7*q - 9. Give s(y).
-9
Let g(z) = z**3 + 7*z**2 - 5*z + 17. Let a be g(-8). Let w(x) = 2*x**3 + 17*x**2 + 22*x + 6. Determine w(a).
-1
Let o(c) be the second derivative of c**7/180 + c**6/360 - c**5/120 - c**4/4 - 15*c. Let r(x) be the third derivative of o(x). Calculate r(1).
15
Let q(v) = -4*v**2 - 2*v + 7. Let p(f) = -4*f**2 - 2*f + 8. Let g(d) = 5*p(d) - 6*q(d). Let s(z) = z + 3. Let m be s(-5). Calculate g(m).
10
Let k(a) = a**2 + 5*a - 3. Suppose 8*w - 3*w = -4*u + 29, 3*u + 21 = w. Let r be (w/12)/(-2 + (-45)/(-24)). Give k(r).
3
Suppose -p - 152 + 154 = 0. Let h(y) = -2*y**2 + y. What is h(p)?
-6
Let x(k) = -3*k - 39. Let a = -3150 + 3140. Determine x(a).
-9
Suppose t - x + 6 = -4*x, 5*t + 5*x - 10 = 0. Let p(m) = -7 + 7*m - 4*m - 2*m + m. What is p(t)?
5
Suppose j = -0 + 4. Suppose 3*l = 12, 0 = -j*x - l + 2*l + 68. Let p = x - 21. Let c(b) = -b**2 - b + 4. Determine c(p).
-2
Let l = -16 - -16. Let p(s) = l + 13 - 3*s**2 + s + 4*s**2. Suppose 0 = -r + 4, 4*h - 2*r - r = -12. Determine p(h).
13
Let j(g) = g**2 + 13*g - 15. Let c = 238 - 251. Give j(c).
-15
Let g(r) = -r**3 - 11*r**2 + 13*r + 7. Let n(v) = -v**3 + 4*v**2 + 23*v - 102. Let h be n(5). Give g(h).
-5
Let w(q) = q - 29. Suppose -8*i - 34 = -10*i - 5*p, 0 = 2*p. Give w(i).
-12
Let y(u) = 2*u**2 - 2. Let m(j) = 5*j**2 - 12*j - 4. Let q(k) = m(k) - 3*y(k). What is q(-12)?
2
Let s(f) = 2*f**2 - 13*f + 20. Let b be s(5). Let c(z) = 4*z - b*z + 5*z**2 - z - 6*z**2. Calculate c(3).
-15
Let d(o) = -2*o**3 - o**2 + o + 3. Let s(r) = -9*r**3 + 5*r**2 + 2*r + 19. Let j(i) = 4*d(i) - s(i). What is j(9)?
11
Let q(f) = f**3 + 10*f**2 + 8*f - 11. Let u(p) = p**3 - 9*p**2 - p. Let l be u(9). Determine q(l).
-2
Let j(u) = 4*u - 14. Let b(a) = 2*a + 1. Let p(r) = -2*b(r) - j(r). What is p(2)?
-4
Let n be 10/(-8)*(1 + (9 - 6)). Let v(u) = -3*u**3 + 4*u**3 - 1 - 4 + 4*u**2 - 7*u. What is v(n)?
5
Let o(c) be the second derivative of c**5/10 - c**4/12 + 2*c**3/3 - 5*c**2/2 - 94*c - 1. Calculate o(2).
15
Let l(u) = u**3 - 7*u**2 - u - 5. Let o(z) = 20*z**2 - 6 + 2*z**3 - 27*z**2 - z + 0*z. Let f(v) = 3*l(v) - 2*o(v). Let s = 1 - 8. Determine f(s).
4
Let a be -1 + (-7)/(21/(-18)). Let d(m) = -9*m + a + 3*m + 5*m. Let v(g) = g**2 + 3*g - 13. Let f be v(3). Calculate d(f).
0
Suppose -3*q - 2*h + 94 = -h, -4*q - 5*h = -107. Let v(l) = -2*l**2 + l + q*l**3 + l - 2 - 34*l**3. Calculate v(-3).
1
Let x(j) 